ate the remainder when 57 is divided by k.
21
Suppose -t + 3*t - 334 = 0. Let y = -253 - -167. Let s = t + y. Calculate the remainder when s is divided by 28.
25
Calculate the remainder when 139 is divided by -3*(5 - (-5)/((-45)/237)).
11
Let o = -7 + 7. Let y(r) = -r**2 + 2. Calculate the remainder when y(o) is divided by (-15)/(-10) - (-3)/6.
0
Suppose -3*y + 3*v + 1 = 2*v, -4*y - 5 = 5*v. Suppose y*d = -2*d. Let g = 17 + d. What is the remainder when g is divided by 9?
8
Suppose -k + 3*f - 28 = 6*f, -4*f = k + 27. Let x = k + 93. Suppose 6 = 2*b - x. Calculate the remainder when b is divided by 18.
16
Let b(i) = 18*i**2 - i - 2. Suppose 4*p = 5*p + 1. Suppose 142 + 193 = 5*z. What is the remainder when z is divided by b(p)?
16
Let s = 12 - 1. What is the remainder when (410/(-15))/((-4)/6) is divided by s?
8
Let c(o) = o + 9. Let i be ((-16)/3)/2*(-702)/(-24). Calculate the remainder when (-1131)/i - (1 + 0)/(-2) is divided by c(0).
6
Let q(i) = 2*i**3 - 5*i**2 - 3*i - 14. Let j(y) = -3*y**3 + 11*y**2 + 6*y + 27. Let r(g) = -3*j(g) - 5*q(g). What is the remainder when r(-8) is divided by 9?
4
Let g(f) = 11*f**2 + 1. Suppose q = -3 + 8. Suppose 0 = -n + q*h + 34, -n - 2*h + 23 + 11 = 0. Calculate the remainder when n is divided by g(-1).
10
Suppose 0*u - 62*u + 12772 = 0. Calculate the remainder when u is divided by 30.
26
Let b = 121 + -60. Let v = -39 - -55. What is the remainder when b is divided by v?
13
Suppose 1 + 9 = -5*b, 186 = u - 3*b. Suppose 4*r - 148 = u. What is the remainder when r is divided by 14?
12
Let f = -22 + 29. Suppose -48 = -f*y - y. Suppose 3*d - 11 = -a, d - 2*a = -0*d + y. Calculate the remainder when 15 is divided by d.
3
Let m(i) = -i**2 - 9*i + 14. Suppose s - 3*u = -s - 32, -5*s = -u + 54. Let a be m(s). Let t = 4 + a. What is the remainder when 21 is divided by t?
5
Suppose -2*t = 5*o - 7*t - 840, -5*o + t + 840 = 0. What is the remainder when o is divided by 45?
33
What is the remainder when 1 + 162 + 0/(-25) is divided by 50?
13
Let p(j) = j**3 + 54*j**2 + 55*j + 165. What is the remainder when p(-53) is divided by (8/(-10))/((-1)/20)?
11
Calculate the remainder when 74 is divided by (-4)/10*-5 + 5*5.
20
Suppose 3*k - 8*k + 45 = 0. Let m(j) = 3*j - 14. Calculate the remainder when 61 is divided by m(k).
9
Suppose 12 = 3*j, 2*j + 70 = -3*v + 4*v. Calculate the remainder when 135 is divided by v.
57
Let o(x) = 2*x + 10*x + 4 + 2*x - 21. Calculate the remainder when 96 is divided by o(3).
21
Let n(l) = -13*l**2 + 4. Let f be n(3). Let w = f - -239. Calculate the remainder when w is divided by (-5)/1 - (-148)/((-20)/(-5)).
30
Let j be (-6)/(-4)*(-2254)/69. Let o = j + 121. What is the remainder when o is divided by 25?
22
Let t(c) = 2*c**3 - 8*c**2 + 11*c - 32. Let i(o) = 20*o**2 + o + 1. What is the remainder when t(5) is divided by i(-1)?
13
Let g(w) = 6*w**3 + w**2 + 2*w. Let t be g(-2). Let n = 8 + -5. Calculate the remainder when 22 is divided by 2/n + (-544)/t.
10
What is the remainder when (-229 + 6)*-1 + 20/(-4) is divided by 45?
38
Let i = 1103 - 829. What is the remainder when i is divided by 55?
54
Let k = 3 - -55. Suppose -4 + 6 = m. Suppose 2*h + 40 = 3*o, m*o = -3*h - 0*h + 18. What is the remainder when k is divided by o?
10
Let y(j) = 2*j**2 - 19*j - 19. Calculate the remainder when -628*(11/4 - 3) is divided by y(12).
34
Suppose -130 = -58*l + 210 + 182. Let x(o) = 3*o + 7. Calculate the remainder when x(6) is divided by l.
7
Let o be 20*(-2 + -1) + 0. Let c = 79 + -169. Let d = o - c. What is the remainder when d is divided by 8?
6
Suppose -5*x + 1238 = -1717. Calculate the remainder when x is divided by 54.
51
What is the remainder when 190 is divided by 168/(-1 - -5) + -1?
26
Let u(r) = 9*r - 4. Let p be u(9). Let v = p + 72. What is the remainder when v is divided by 30?
29
Suppose -4*i = -9*i + 15. Let v = -6621 - -6664. Calculate the remainder when v is divided by i.
1
Let i = 53 - 36. What is the remainder when i is divided by (12 + (-7 - -4))/(4/4)?
8
Let u(y) = y**3 + 4*y**2 - 4*y - 2. Let z be u(-5). Let f(i) = i + 11. Let j(r) = -3*r**3 - 3*r**2 - r + 1. What is the remainder when j(-2) is divided by f(z)?
3
Suppose -6 = -v + m, -7 = 5*v + 4*m - 37. What is the remainder when 166 is divided by v?
4
Suppose 3*y - 5*d + 21 = 179, -5*y = 5*d - 330. What is the remainder when 132 is divided by y?
10
Let s(i) = i**2 + 6*i + 38. What is the remainder when s(-14) is divided by 32?
22
Suppose -j + 31 = -3*u, -103 = -5*j + u + u. What is the remainder when 135 + 4/(24/(-30)) is divided by j?
16
Let x = 2 + 45. Let s be (28/(-6))/(3/9). What is the remainder when x is divided by (-162)/s - 3/(-7)?
11
Suppose 7*b = 11*b + 4*k - 204, 0 = -4*b - 2*k + 198. What is the remainder when 181 is divided by b?
37
Suppose 4*l + 2 = 5*l. Calculate the remainder when 233 is divided by (4 + (-48)/10)/(l/(-45)).
17
Let w(j) = -j**2 - 2*j + 8. Let u be w(-4). What is the remainder when 8 is divided by 8 - (u - 0) - 3?
3
Let x(v) = 2*v**2 - 7*v - 8. Let d be x(4). Calculate the remainder when (-44)/(-5)*d*5/(-8) is divided by 15.
7
Let v(p) = -p**3 - 6*p**2 - 11*p - 9. Let a be v(-4). Suppose -5*y + 60 = -y - 4*j, 0 = a*y + 4*j - 59. What is the remainder when y is divided by 3?
2
Let o = 188 - 179. Let i(p) = 0*p + 3*p + 0*p. Calculate the remainder when i(5) is divided by o.
6
Calculate the remainder when -13*(56 + -5)/(-3) is divided by 53.
9
Suppose 2958 - 21003 = -9*r. Calculate the remainder when r is divided by 118.
117
Let l be (-6)/(-36) + 34/12. Let q(k) = -6 + 3 + l + 12*k. Calculate the remainder when 33 is divided by q(1).
9
Suppose 3*x - 55 + 19 = 0. What is the remainder when 20 is divided by x?
8
Suppose -256*k + 253*k + 60 = 0. What is the remainder when (174/4)/((-9)/(-12)) is divided by k?
18
Let p be (-2)/(-4)*14*1. What is the remainder when (-39)/(-3) + 5 - 4 is divided by (0 - -2)*(p - 5)?
2
Calculate the remainder when 74 - -1 - (1 + 0) is divided by 20 + (0 + 1 + -3 - -1).
17
What is the remainder when 776 is divided by (-19 - -15) + (-5)/(-10)*46?
16
Suppose 0 = -2*t + 2*s + 54 - 0, 0 = -5*s + 25. What is the remainder when 37 is divided by t?
5
Let q = 68 + 135. What is the remainder when q is divided by 51?
50
Let r(k) = -k**3 + 7*k**2 - 12. What is the remainder when 167 is divided by r(3)?
23
Suppose -4*v + 111 = -v. Let w(f) = 4*f + 67. Let m be w(-8). Suppose -13*s - m + 178 = 0. Calculate the remainder when v is divided by s.
4
Let a(f) = -f**2 - 14*f + 38. Let h be a(-16). What is the remainder when 89 is divided by h*(-1)/(-12)*26?
11
Calculate the remainder when ((2 - 5)/(-9))/(3/2574) is divided by 49.
41
Suppose 2*m - 123 - 177 = 0. Suppose m = 11*f - f. What is the remainder when 59 is divided by f?
14
Let h(r) = -1 - 9*r - 10*r - r**3 - 5*r**2 + 12*r**2 + 8*r**2. What is the remainder when h(13) is divided by 7?
6
Suppose -3*g + 42 + 81 = 0. Suppose -g*t = -45*t + 12. What is the remainder when 5 is divided by t?
2
Suppose -y + 6 = -1. What is the remainder when 56 is divided by 23 + 7/(y/(-4))?
18
Let d(f) = f**2 - 8*f - 132. What is the remainder when d(18) is divided by 26?
22
Let j(r) = -15*r - 4. Let u be j(-2). Let f = 1 + u. Calculate the remainder when (3 - -1)*79/4 is divided by f.
25
Let w(z) = -1. Let o(t) = -t - 13. Let k(f) = -o(f) + 3*w(f). What is the remainder when 63 is divided by k(3)?
11
Suppose 4*a - 6*a = -10. Suppose -215 = -4*z + a*w, -3*z + 2*w + 160 = -10. Calculate the remainder when z is divided by 31.
29
Calculate the remainder when ((-89)/(-2))/((-214)/(-5992)) is divided by 48.
46
Let t(w) = 9*w + 3. Let n be t(1). Suppose 0 = -0*d + 4*d - n. Calculate the remainder when (74 - d) + -3 + -1 is divided by 17.
16
Suppose 2*l - 6*l = -12. Suppose -2*u - 4*r = -3*u - 12, -u + r = 0. Suppose h = 4*p - 36, u*p - 12 - 24 = 5*h. What is the remainder when p is divided by l?
0
Let f(u) = -7*u - 59. What is the remainder when 84 is divided by f(-12)?
9
Let j(l) = -l + 27. Let x(n) = -6*n + 3. Calculate the remainder when j(0) is divided by x(-2).
12
Suppose 713 = 7*d - 400. What is the remainder when d is divided by 33?
27
Let p(f) be the third derivative of -f**6/120 - f**5/30 + f**4/4 + f**3/3 + 12*f**2. Calculate the remainder when p(-5) is divi